{"id":714,"date":"2011-06-13T13:42:56","date_gmt":"2011-06-13T13:42:56","guid":{"rendered":"http:\/\/archeofacts.ch\/blog\/?page_id=714"},"modified":"2011-06-14T11:39:41","modified_gmt":"2011-06-14T11:39:41","slug":"wiki-caat","status":"publish","type":"page","link":"http:\/\/archeofacts.ch\/blog\/?page_id=714","title":{"rendered":"Wiki-CAAT"},"content":{"rendered":"<p>La Commission Arch\u00e9ologie et am\u00e9nagement du territoire \u00e0 \u00e9t\u00e9 cr\u00e9\u00e9 par l&#8217;association Arch\u00e9ologie Suisse pour veiller \u00e0 ce que le patrimoine arch\u00e9ologique suisse soit  d\u00fbment prot\u00e9g\u00e9 ou document\u00e9, conform\u00e9ment aux lois en vigueurs.<\/p>\n<p><a href=\"http:\/\/archeofacts.ch\/blog\/wp-content\/uploads\/2011\/06\/Wiki05.jpg\"><img decoding=\"async\" loading=\"lazy\" class=\"alignnone size-full wp-image-780\" title=\"Wiki05\" src=\"http:\/\/archeofacts.ch\/blog\/wp-content\/uploads\/2011\/06\/Wiki05.jpg\" alt=\"\" width=\"500\" height=\"207\" srcset=\"http:\/\/archeofacts.ch\/blog\/wp-content\/uploads\/2011\/06\/Wiki05.jpg 500w, http:\/\/archeofacts.ch\/blog\/wp-content\/uploads\/2011\/06\/Wiki05-300x124.jpg 300w\" sizes=\"(max-width: 500px) 100vw, 500px\" \/><\/a><\/p>\n<p>Les membres de cette commission utilisent une plateforme de type wiki pour \u00e9changer entre eux des informations et des documents utiles \u00e0 leur mission.<\/p>\n<p>&nbsp;<\/p>\n<div id=\"fb_share_1\" style=\"float: right; margin-left: 10px;\"><a name=\"fb_share\" type=\"icon_link\" share_url=\"http:\/\/archeofacts.ch\/blog\/?page_id=714\" href=\"http:\/\/www.facebook.com\/sharer.php\">Share<\/a><\/div><div><script src=\"http:\/\/static.ak.fbcdn.net\/connect.php\/js\/FB.Share\" type=\"text\/javascript\"><\/script><\/div>","protected":false},"excerpt":{"rendered":"<p>La Commission Arch\u00e9ologie et am\u00e9nagement du territoire \u00e0 \u00e9t\u00e9 cr\u00e9\u00e9 par l&#8217;association Arch\u00e9ologie Suisse pour veiller \u00e0 ce que le patrimoine arch\u00e9ologique suisse soit d\u00fbment prot\u00e9g\u00e9 ou document\u00e9, conform\u00e9ment aux lois en vigueurs. Les membres de cette commission utilisent une &hellip; <a href=\"http:\/\/archeofacts.ch\/blog\/?page_id=714\">Continue reading <span class=\"meta-nav\">&rarr;<\/span><\/a><\/p>\n","protected":false},"author":1,"featured_media":0,"parent":709,"menu_order":2,"comment_status":"open","ping_status":"open","template":"","meta":[],"_links":{"self":[{"href":"http:\/\/archeofacts.ch\/blog\/index.php?rest_route=\/wp\/v2\/pages\/714"}],"collection":[{"href":"http:\/\/archeofacts.ch\/blog\/index.php?rest_route=\/wp\/v2\/pages"}],"about":[{"href":"http:\/\/archeofacts.ch\/blog\/index.php?rest_route=\/wp\/v2\/types\/page"}],"author":[{"embeddable":true,"href":"http:\/\/archeofacts.ch\/blog\/index.php?rest_route=\/wp\/v2\/users\/1"}],"replies":[{"embeddable":true,"href":"http:\/\/archeofacts.ch\/blog\/index.php?rest_route=%2Fwp%2Fv2%2Fcomments&post=714"}],"version-history":[{"count":5,"href":"http:\/\/archeofacts.ch\/blog\/index.php?rest_route=\/wp\/v2\/pages\/714\/revisions"}],"predecessor-version":[{"id":781,"href":"http:\/\/archeofacts.ch\/blog\/index.php?rest_route=\/wp\/v2\/pages\/714\/revisions\/781"}],"up":[{"embeddable":true,"href":"http:\/\/archeofacts.ch\/blog\/index.php?rest_route=\/wp\/v2\/pages\/709"}],"wp:attachment":[{"href":"http:\/\/archeofacts.ch\/blog\/index.php?rest_route=%2Fwp%2Fv2%2Fmedia&parent=714"}],"curies":[{"name":"wp","href":"https:\/\/api.w.org\/{rel}","templated":true}]}}